{"id":2,"date":"2025-09-28T19:11:36","date_gmt":"2025-09-28T17:11:36","guid":{"rendered":"https:\/\/centroculturalccr.org\/?page_id=2"},"modified":"2025-10-24T21:04:50","modified_gmt":"2025-10-24T19:04:50","slug":"pagina-ejemplo","status":"publish","type":"page","link":"https:\/\/centroculturalccr.org\/?page_id=2","title":{"rendered":"Actividades sociales y culturales"},"content":{"rendered":"\n<ul class=\"wp-block-list has-large-font-size\"><\/ul>\n\n\n\n<figure class=\"wp-block-table\"><table class=\"has-fixed-layout\"><tbody><tr><td class=\"has-text-align-center\" data-align=\"center\"><br><img decoding=\"async\" src=\"https:\/\/centroculturalccr.org\/wp-content\/uploads\/2025\/10\/CASA-HOGAR-SAN-MARTIN-DE-PORRES-11-1.jpeg\" alt=\"\"><br><\/td><td>El Centro Cultural CCR promueve y realiza actividades de ayuda a los grupos vulnerables de la sociedad.<br><br>En la foto se muestra una convivencia en la casa hogar San Mart\u00edn de Porres, a la cual se apoya para cubrir algunas necesidades de los ni\u00f1os y ni\u00f1as que ah\u00ed son atendidos.<\/td><\/tr><tr><td class=\"has-text-align-center\" data-align=\"center\"><img decoding=\"async\" src=\"https:\/\/centroculturalccr.org\/wp-content\/uploads\/2025\/10\/RECAUDACION-DE-DESPENSAS.jpeg\" alt=\"\"><\/td><td>Las actividades sociales desempe\u00f1an un papel fundamental en la construcci\u00f3n de una sociedad m\u00e1s justa y equitativa. A trav\u00e9s de ellas, las personas pueden involucrarse activamente en la mejora de su entorno y en el apoyo a quienes m\u00e1s lo necesitan. Una de las principales virtudes que se cultivan en estas acciones es la solidaridad, entendida como la capacidad de empatizar con los dem\u00e1s y actuar en favor del bienestar com\u00fan.<br><br>La foto muestra un volante para recaudar despensas en apoyo a familias necesitadas.<br><br><\/td><\/tr><tr><td class=\"has-text-align-center\" data-align=\"center\"><img decoding=\"async\" src=\"https:\/\/centroculturalccr.org\/wp-content\/uploads\/2025\/10\/DESPENSAS.jpeg\" alt=\"\"><\/td><td>En el Centro Cultural CCR con ayuda de voluntarios realizamos campa\u00f1as de recolecci\u00f3n de ropa, alimentos y programas de apoyo escolar. Estas acciones no solo benefician a quienes las reciben sino tambi\u00e9n a quines las brindan, promoviendo valores como la empat\u00eda, la generosidad y el respeto. Procuramos, asimismo, sumarnos a las ayudas solidarias en los casos de desastres naturales.<\/td><\/tr><\/tbody><\/table><\/figure>\n","protected":false},"excerpt":{"rendered":"<p>El Centro Cultural CCR promueve y realiza actividades de ayuda a los grupos vulnerables de la sociedad. En la foto se muestra una convivencia en la casa hogar San Mart\u00edn de Porres, a la cual se apoya para cubrir algunas necesidades de los ni\u00f1os y ni\u00f1as que ah\u00ed son atendidos. Las actividades sociales desempe\u00f1an un [&hellip;]<\/p>\n","protected":false},"author":1,"featured_media":0,"parent":0,"menu_order":0,"comment_status":"closed","ping_status":"closed","template":"","meta":{"footnotes":""},"class_list":["post-2","page","type-page","status-publish","hentry"],"_links":{"self":[{"href":"https:\/\/centroculturalccr.org\/index.php?rest_route=\/wp\/v2\/pages\/2","targetHints":{"allow":["GET"]}}],"collection":[{"href":"https:\/\/centroculturalccr.org\/index.php?rest_route=\/wp\/v2\/pages"}],"about":[{"href":"https:\/\/centroculturalccr.org\/index.php?rest_route=\/wp\/v2\/types\/page"}],"author":[{"embeddable":true,"href":"https:\/\/centroculturalccr.org\/index.php?rest_route=\/wp\/v2\/users\/1"}],"replies":[{"embeddable":true,"href":"https:\/\/centroculturalccr.org\/index.php?rest_route=%2Fwp%2Fv2%2Fcomments&post=2"}],"version-history":[{"count":4,"href":"https:\/\/centroculturalccr.org\/index.php?rest_route=\/wp\/v2\/pages\/2\/revisions"}],"predecessor-version":[{"id":74,"href":"https:\/\/centroculturalccr.org\/index.php?rest_route=\/wp\/v2\/pages\/2\/revisions\/74"}],"wp:attachment":[{"href":"https:\/\/centroculturalccr.org\/index.php?rest_route=%2Fwp%2Fv2%2Fmedia&parent=2"}],"curies":[{"name":"wp","href":"https:\/\/api.w.org\/{rel}","templated":true}]}}